{"id":14,"date":"2020-01-24T11:27:01","date_gmt":"2020-01-24T10:27:01","guid":{"rendered":"http:\/\/elias.baudock.de\/?page_id=14"},"modified":"2020-01-29T13:56:30","modified_gmt":"2020-01-29T12:56:30","slug":"unsere-arbeit-in-koeln-holweide","status":"publish","type":"page","link":"https:\/\/elias-stiftung.de\/?page_id=14","title":{"rendered":"Unsere Arbeit in K\u00f6ln-Holweide"},"content":{"rendered":"\t\t<div data-elementor-type=\"wp-page\" data-elementor-id=\"14\" class=\"elementor elementor-14\">\n\t\t\t\t\t\t<section class=\"elementor-section elementor-top-section elementor-element elementor-element-5e46789 elementor-section-boxed elementor-section-height-default elementor-section-height-default\" data-id=\"5e46789\" data-element_type=\"section\">\n\t\t\t\t\t\t<div class=\"elementor-container elementor-column-gap-default\">\n\t\t\t\t\t<div class=\"elementor-column elementor-col-100 elementor-top-column elementor-element elementor-element-bd2a733\" data-id=\"bd2a733\" data-element_type=\"column\">\n\t\t\t<div class=\"elementor-widget-wrap elementor-element-populated\">\n\t\t\t\t\t\t<div class=\"elementor-element elementor-element-0e8285d elementor-widget-divider--view-line elementor-widget elementor-widget-divider\" data-id=\"0e8285d\" data-element_type=\"widget\" data-widget_type=\"divider.default\">\n\t\t\t\t<div class=\"elementor-widget-container\">\n\t\t\t\t\t<div class=\"elementor-divider\">\n\t\t\t<span class=\"elementor-divider-separator\">\n\t\t\t\t\t\t<\/span>\n\t\t<\/div>\n\t\t\t\t<\/div>\n\t\t\t\t<\/div>\n\t\t\t\t\t<\/div>\n\t\t<\/div>\n\t\t\t\t\t<\/div>\n\t\t<\/section>\n\t\t\t\t<section class=\"elementor-section elementor-top-section elementor-element elementor-element-0d6ca1d elementor-section-boxed elementor-section-height-default elementor-section-height-default\" data-id=\"0d6ca1d\" data-element_type=\"section\">\n\t\t\t\t\t\t<div class=\"elementor-container elementor-column-gap-default\">\n\t\t\t\t\t<div class=\"elementor-column elementor-col-50 elementor-top-column elementor-element elementor-element-bdcf923\" data-id=\"bdcf923\" data-element_type=\"column\">\n\t\t\t<div class=\"elementor-widget-wrap elementor-element-populated\">\n\t\t\t\t\t\t<div class=\"elementor-element elementor-element-4e83a38 elementor-widget elementor-widget-image\" data-id=\"4e83a38\" data-element_type=\"widget\" data-widget_type=\"image.default\">\n\t\t\t\t<div class=\"elementor-widget-container\">\n\t\t\t\t\t\t\t\t\t\t\t\t\t<img fetchpriority=\"high\" decoding=\"async\" width=\"790\" height=\"593\" src=\"https:\/\/elias-stiftung.de\/wp-content\/uploads\/2020\/01\/Unsere-Arbeit_2020.jpg\" class=\"attachment-large size-large wp-image-224\" alt=\"\" srcset=\"https:\/\/elias-stiftung.de\/wp-content\/uploads\/2020\/01\/Unsere-Arbeit_2020.jpg 1024w, https:\/\/elias-stiftung.de\/wp-content\/uploads\/2020\/01\/Unsere-Arbeit_2020-300x225.jpg 300w, https:\/\/elias-stiftung.de\/wp-content\/uploads\/2020\/01\/Unsere-Arbeit_2020-768x576.jpg 768w\" sizes=\"(max-width: 790px) 100vw, 790px\" \/>\t\t\t\t\t\t\t\t\t\t\t\t\t<\/div>\n\t\t\t\t<\/div>\n\t\t\t\t\t<\/div>\n\t\t<\/div>\n\t\t\t\t<div class=\"elementor-column elementor-col-50 elementor-top-column elementor-element elementor-element-ae1aa43\" data-id=\"ae1aa43\" data-element_type=\"column\">\n\t\t\t<div class=\"elementor-widget-wrap elementor-element-populated\">\n\t\t\t\t\t\t<div class=\"elementor-element elementor-element-793fda4 elementor-widget elementor-widget-heading\" data-id=\"793fda4\" data-element_type=\"widget\" data-widget_type=\"heading.default\">\n\t\t\t\t<div class=\"elementor-widget-container\">\n\t\t\t<h2 class=\"elementor-heading-title elementor-size-default\">Unsere Arbeit in K\u00f6ln-Holweide<\/h2>\t\t<\/div>\n\t\t\t\t<\/div>\n\t\t\t\t<div class=\"elementor-element elementor-element-f27ae5c elementor-widget elementor-widget-text-editor\" data-id=\"f27ae5c\" data-element_type=\"widget\" data-widget_type=\"text-editor.default\">\n\t\t\t\t<div class=\"elementor-widget-container\">\n\t\t\t\t\t\t\t<p><strong>Zu unseren Aufgaben geh\u00f6ren<\/strong><\/p>\n<ul>\n<li>die Unterst\u00fctzung der Jugend- und Familienarbeit<\/li>\n<li>die Unterst\u00fctzung der Bildungsarbeit<\/li>\n<li>die Unterst\u00fctzung der Altenarbeit<\/li>\n<li>die Unterst\u00fctzung der Erhaltung der Kirchenbauten<\/li>\n<li>die Unterst\u00fctzung des religi\u00f6sen Lebens<\/li>\n<\/ul>\t\t\t\t\t\t<\/div>\n\t\t\t\t<\/div>\n\t\t\t\t\t<\/div>\n\t\t<\/div>\n\t\t\t\t\t<\/div>\n\t\t<\/section>\n\t\t\t\t<\/div>\n\t\t","protected":false},"excerpt":{"rendered":"<p>Unsere Arbeit in K\u00f6ln-Holweide Zu unseren Aufgaben geh\u00f6ren die Unterst\u00fctzung der Jugend- und Familienarbeit die Unterst\u00fctzung der Bildungsarbeit die Unterst\u00fctzung der Altenarbeit die Unterst\u00fctzung der Erhaltung der Kirchenbauten die Unterst\u00fctzung des religi\u00f6sen Lebens<\/p>\n","protected":false},"author":2,"featured_media":0,"parent":0,"menu_order":0,"comment_status":"closed","ping_status":"closed","template":"templates\/full-width-page.php","meta":{"footnotes":""},"_links":{"self":[{"href":"https:\/\/elias-stiftung.de\/index.php?rest_route=\/wp\/v2\/pages\/14"}],"collection":[{"href":"https:\/\/elias-stiftung.de\/index.php?rest_route=\/wp\/v2\/pages"}],"about":[{"href":"https:\/\/elias-stiftung.de\/index.php?rest_route=\/wp\/v2\/types\/page"}],"author":[{"embeddable":true,"href":"https:\/\/elias-stiftung.de\/index.php?rest_route=\/wp\/v2\/users\/2"}],"replies":[{"embeddable":true,"href":"https:\/\/elias-stiftung.de\/index.php?rest_route=%2Fwp%2Fv2%2Fcomments&post=14"}],"version-history":[{"count":13,"href":"https:\/\/elias-stiftung.de\/index.php?rest_route=\/wp\/v2\/pages\/14\/revisions"}],"predecessor-version":[{"id":227,"href":"https:\/\/elias-stiftung.de\/index.php?rest_route=\/wp\/v2\/pages\/14\/revisions\/227"}],"wp:attachment":[{"href":"https:\/\/elias-stiftung.de\/index.php?rest_route=%2Fwp%2Fv2%2Fmedia&parent=14"}],"curies":[{"name":"wp","href":"https:\/\/api.w.org\/{rel}","templated":true}]}}